 {"id":85,"date":"2017-10-24T19:22:21","date_gmt":"2017-10-24T21:22:21","guid":{"rendered":"https:\/\/www.dsdevelop.com.br\/?page_id=85"},"modified":"2019-02-13T15:23:15","modified_gmt":"2019-02-13T17:23:15","slug":"monitor-position","status":"publish","type":"page","link":"https:\/\/www.dsdevelop.com.br\/index.php\/monitor-position\/","title":{"rendered":"Monitor Position"},"content":{"rendered":"<p>O Monitor Position tem por finalidade possibilitar ao operador da balan\u00e7a visualizar em tempo real o posicionamento do ve\u00edculo com precis\u00e3o por meio de sensores que interagem com a interface do usu\u00e1rio. O sistema est\u00e1 integrado com qualquer c\u00e2mera Axis para visualiza\u00e7\u00e3o overview da balan\u00e7a e displays Spider para informativos de posi\u00e7\u00e3o.<\/p>\n<ul>\n<li>Monitoramento de posicionamento do caminh\u00e3o na balan\u00e7a;<\/li>\n<li>Acompanhamento por v\u00eddeo com at\u00e9 2 c\u00e2meras por balan\u00e7a;<\/li>\n<li>Envio de mensagem para display com a informa\u00e7\u00e3o do posicionamento do caminh\u00e3o;<\/li>\n<li>Interface de uso f\u00e1cil e intuitivo que oferece sistema Web.<\/li>\n<\/ul>\n","protected":false},"excerpt":{"rendered":"<p>O Monitor Position tem por finalidade possibilitar ao operador da balan\u00e7a visualizar em tempo real o posicionamento do ve\u00edculo com precis\u00e3o por meio de sensores que interagem com a interface do usu\u00e1rio. O sistema est\u00e1 integrado com qualquer c\u00e2mera Axis para visualiza\u00e7\u00e3o overview da balan\u00e7a e displays Spider para informativos de posi\u00e7\u00e3o. Monitoramento de posicionamento [&hellip;]<\/p>\n","protected":false},"author":4,"featured_media":86,"parent":0,"menu_order":0,"comment_status":"closed","ping_status":"closed","template":"produtos_post.php","meta":{"_acf_changed":false,"footnotes":""},"class_list":["post-85","page","type-page","status-publish","has-post-thumbnail","hentry"],"acf":[],"yoast_head":"<!-- This site is optimized with the Yoast SEO plugin v26.8 - https:\/\/yoast.com\/product\/yoast-seo-wordpress\/ -->\n<title>DS Develop - Sistema de Monitoramento - Balan\u00e7a Rodoviaria<\/title>\n<meta name=\"description\" content=\"Sistema para monitorar balan\u00e7as rodovi\u00e1rias para garantir o corretor posicionamento do ve\u00edculo na hora da pesagem de forma segura e automatizada.\" \/>\n<meta name=\"robots\" content=\"index, follow, max-snippet:-1, max-image-preview:large, max-video-preview:-1\" \/>\n<link rel=\"canonical\" href=\"https:\/\/www.dsdevelop.com.br\/index.php\/monitor-position\/\" \/>\n<meta property=\"og:locale\" content=\"pt_BR\" \/>\n<meta property=\"og:type\" content=\"article\" \/>\n<meta property=\"og:title\" content=\"DS Develop - Sistema de Monitoramento - Balan\u00e7a Rodoviaria\" \/>\n<meta property=\"og:description\" content=\"Sistema para monitorar balan\u00e7as rodovi\u00e1rias para garantir o corretor posicionamento do ve\u00edculo na hora da pesagem de forma segura e automatizada.\" \/>\n<meta property=\"og:url\" content=\"https:\/\/www.dsdevelop.com.br\/index.php\/monitor-position\/\" \/>\n<meta property=\"og:site_name\" content=\"DS Develop - Sistemas Inteligentes\" \/>\n<meta property=\"article:modified_time\" content=\"2019-02-13T17:23:15+00:00\" \/>\n<meta property=\"og:image\" content=\"https:\/\/www.dsdevelop.com.br\/wp-content\/uploads\/2017\/10\/1.png\" \/>\n\t<meta property=\"og:image:width\" content=\"700\" \/>\n\t<meta property=\"og:image:height\" content=\"476\" \/>\n\t<meta property=\"og:image:type\" content=\"image\/png\" \/>\n<meta name=\"twitter:card\" content=\"summary_large_image\" \/>\n<meta name=\"twitter:label1\" content=\"Est. tempo de leitura\" \/>\n\t<meta name=\"twitter:data1\" content=\"1 minuto\" \/>\n<script type=\"application\/ld+json\" class=\"yoast-schema-graph\">{\"@context\":\"https:\/\/schema.org\",\"@graph\":[{\"@type\":\"WebPage\",\"@id\":\"https:\/\/www.dsdevelop.com.br\/index.php\/monitor-position\/\",\"url\":\"https:\/\/www.dsdevelop.com.br\/index.php\/monitor-position\/\",\"name\":\"DS Develop - Sistema de Monitoramento - Balan\u00e7a Rodoviaria\",\"isPartOf\":{\"@id\":\"https:\/\/www.dsdevelop.com.br\/#website\"},\"primaryImageOfPage\":{\"@id\":\"https:\/\/www.dsdevelop.com.br\/index.php\/monitor-position\/#primaryimage\"},\"image\":{\"@id\":\"https:\/\/www.dsdevelop.com.br\/index.php\/monitor-position\/#primaryimage\"},\"thumbnailUrl\":\"https:\/\/www.dsdevelop.com.br\/wp-content\/uploads\/2017\/10\/1.png\",\"datePublished\":\"2017-10-24T21:22:21+00:00\",\"dateModified\":\"2019-02-13T17:23:15+00:00\",\"description\":\"Sistema para monitorar balan\u00e7as rodovi\u00e1rias para garantir o corretor posicionamento do ve\u00edculo na hora da pesagem de forma segura e automatizada.\",\"breadcrumb\":{\"@id\":\"https:\/\/www.dsdevelop.com.br\/index.php\/monitor-position\/#breadcrumb\"},\"inLanguage\":\"pt-BR\",\"potentialAction\":[{\"@type\":\"ReadAction\",\"target\":[\"https:\/\/www.dsdevelop.com.br\/index.php\/monitor-position\/\"]}]},{\"@type\":\"ImageObject\",\"inLanguage\":\"pt-BR\",\"@id\":\"https:\/\/www.dsdevelop.com.br\/index.php\/monitor-position\/#primaryimage\",\"url\":\"https:\/\/www.dsdevelop.com.br\/wp-content\/uploads\/2017\/10\/1.png\",\"contentUrl\":\"https:\/\/www.dsdevelop.com.br\/wp-content\/uploads\/2017\/10\/1.png\",\"width\":700,\"height\":476,\"caption\":\"monitor\"},{\"@type\":\"BreadcrumbList\",\"@id\":\"https:\/\/www.dsdevelop.com.br\/index.php\/monitor-position\/#breadcrumb\",\"itemListElement\":[{\"@type\":\"ListItem\",\"position\":1,\"name\":\"In\u00edcio\",\"item\":\"https:\/\/www.dsdevelop.com.br\/\"},{\"@type\":\"ListItem\",\"position\":2,\"name\":\"Monitor Position\"}]},{\"@type\":\"WebSite\",\"@id\":\"https:\/\/www.dsdevelop.com.br\/#website\",\"url\":\"https:\/\/www.dsdevelop.com.br\/\",\"name\":\"DS Develop - Sistemas Inteligentes\",\"description\":\"Desenvolvimento de sistemas inteligentes.\",\"publisher\":{\"@id\":\"https:\/\/www.dsdevelop.com.br\/#organization\"},\"potentialAction\":[{\"@type\":\"SearchAction\",\"target\":{\"@type\":\"EntryPoint\",\"urlTemplate\":\"https:\/\/www.dsdevelop.com.br\/?s={search_term_string}\"},\"query-input\":{\"@type\":\"PropertyValueSpecification\",\"valueRequired\":true,\"valueName\":\"search_term_string\"}}],\"inLanguage\":\"pt-BR\"},{\"@type\":\"Organization\",\"@id\":\"https:\/\/www.dsdevelop.com.br\/#organization\",\"name\":\"DS Develop - Sistemas Inteligentes\",\"url\":\"https:\/\/www.dsdevelop.com.br\/\",\"logo\":{\"@type\":\"ImageObject\",\"inLanguage\":\"pt-BR\",\"@id\":\"https:\/\/www.dsdevelop.com.br\/#\/schema\/logo\/image\/\",\"url\":\"https:\/\/www.dsdevelop.com.br\/wp-content\/uploads\/2019\/12\/logo234.png\",\"contentUrl\":\"https:\/\/www.dsdevelop.com.br\/wp-content\/uploads\/2019\/12\/logo234.png\",\"width\":190,\"height\":38,\"caption\":\"DS Develop - Sistemas Inteligentes\"},\"image\":{\"@id\":\"https:\/\/www.dsdevelop.com.br\/#\/schema\/logo\/image\/\"}}]}<\/script>\n<!-- \/ Yoast SEO plugin. -->","yoast_head_json":{"title":"DS Develop - Sistema de Monitoramento - Balan\u00e7a Rodoviaria","description":"Sistema para monitorar balan\u00e7as rodovi\u00e1rias para garantir o corretor posicionamento do ve\u00edculo na hora da pesagem de forma segura e automatizada.","robots":{"index":"index","follow":"follow","max-snippet":"max-snippet:-1","max-image-preview":"max-image-preview:large","max-video-preview":"max-video-preview:-1"},"canonical":"https:\/\/www.dsdevelop.com.br\/index.php\/monitor-position\/","og_locale":"pt_BR","og_type":"article","og_title":"DS Develop - Sistema de Monitoramento - Balan\u00e7a Rodoviaria","og_description":"Sistema para monitorar balan\u00e7as rodovi\u00e1rias para garantir o corretor posicionamento do ve\u00edculo na hora da pesagem de forma segura e automatizada.","og_url":"https:\/\/www.dsdevelop.com.br\/index.php\/monitor-position\/","og_site_name":"DS Develop - Sistemas Inteligentes","article_modified_time":"2019-02-13T17:23:15+00:00","og_image":[{"width":700,"height":476,"url":"https:\/\/www.dsdevelop.com.br\/wp-content\/uploads\/2017\/10\/1.png","type":"image\/png"}],"twitter_card":"summary_large_image","twitter_misc":{"Est. tempo de leitura":"1 minuto"},"schema":{"@context":"https:\/\/schema.org","@graph":[{"@type":"WebPage","@id":"https:\/\/www.dsdevelop.com.br\/index.php\/monitor-position\/","url":"https:\/\/www.dsdevelop.com.br\/index.php\/monitor-position\/","name":"DS Develop - Sistema de Monitoramento - Balan\u00e7a Rodoviaria","isPartOf":{"@id":"https:\/\/www.dsdevelop.com.br\/#website"},"primaryImageOfPage":{"@id":"https:\/\/www.dsdevelop.com.br\/index.php\/monitor-position\/#primaryimage"},"image":{"@id":"https:\/\/www.dsdevelop.com.br\/index.php\/monitor-position\/#primaryimage"},"thumbnailUrl":"https:\/\/www.dsdevelop.com.br\/wp-content\/uploads\/2017\/10\/1.png","datePublished":"2017-10-24T21:22:21+00:00","dateModified":"2019-02-13T17:23:15+00:00","description":"Sistema para monitorar balan\u00e7as rodovi\u00e1rias para garantir o corretor posicionamento do ve\u00edculo na hora da pesagem de forma segura e automatizada.","breadcrumb":{"@id":"https:\/\/www.dsdevelop.com.br\/index.php\/monitor-position\/#breadcrumb"},"inLanguage":"pt-BR","potentialAction":[{"@type":"ReadAction","target":["https:\/\/www.dsdevelop.com.br\/index.php\/monitor-position\/"]}]},{"@type":"ImageObject","inLanguage":"pt-BR","@id":"https:\/\/www.dsdevelop.com.br\/index.php\/monitor-position\/#primaryimage","url":"https:\/\/www.dsdevelop.com.br\/wp-content\/uploads\/2017\/10\/1.png","contentUrl":"https:\/\/www.dsdevelop.com.br\/wp-content\/uploads\/2017\/10\/1.png","width":700,"height":476,"caption":"monitor"},{"@type":"BreadcrumbList","@id":"https:\/\/www.dsdevelop.com.br\/index.php\/monitor-position\/#breadcrumb","itemListElement":[{"@type":"ListItem","position":1,"name":"In\u00edcio","item":"https:\/\/www.dsdevelop.com.br\/"},{"@type":"ListItem","position":2,"name":"Monitor Position"}]},{"@type":"WebSite","@id":"https:\/\/www.dsdevelop.com.br\/#website","url":"https:\/\/www.dsdevelop.com.br\/","name":"DS Develop - Sistemas Inteligentes","description":"Desenvolvimento de sistemas inteligentes.","publisher":{"@id":"https:\/\/www.dsdevelop.com.br\/#organization"},"potentialAction":[{"@type":"SearchAction","target":{"@type":"EntryPoint","urlTemplate":"https:\/\/www.dsdevelop.com.br\/?s={search_term_string}"},"query-input":{"@type":"PropertyValueSpecification","valueRequired":true,"valueName":"search_term_string"}}],"inLanguage":"pt-BR"},{"@type":"Organization","@id":"https:\/\/www.dsdevelop.com.br\/#organization","name":"DS Develop - Sistemas Inteligentes","url":"https:\/\/www.dsdevelop.com.br\/","logo":{"@type":"ImageObject","inLanguage":"pt-BR","@id":"https:\/\/www.dsdevelop.com.br\/#\/schema\/logo\/image\/","url":"https:\/\/www.dsdevelop.com.br\/wp-content\/uploads\/2019\/12\/logo234.png","contentUrl":"https:\/\/www.dsdevelop.com.br\/wp-content\/uploads\/2019\/12\/logo234.png","width":190,"height":38,"caption":"DS Develop - Sistemas Inteligentes"},"image":{"@id":"https:\/\/www.dsdevelop.com.br\/#\/schema\/logo\/image\/"}}]}},"_links":{"self":[{"href":"https:\/\/www.dsdevelop.com.br\/index.php\/wp-json\/wp\/v2\/pages\/85","targetHints":{"allow":["GET"]}}],"collection":[{"href":"https:\/\/www.dsdevelop.com.br\/index.php\/wp-json\/wp\/v2\/pages"}],"about":[{"href":"https:\/\/www.dsdevelop.com.br\/index.php\/wp-json\/wp\/v2\/types\/page"}],"author":[{"embeddable":true,"href":"https:\/\/www.dsdevelop.com.br\/index.php\/wp-json\/wp\/v2\/users\/4"}],"replies":[{"embeddable":true,"href":"https:\/\/www.dsdevelop.com.br\/index.php\/wp-json\/wp\/v2\/comments?post=85"}],"version-history":[{"count":2,"href":"https:\/\/www.dsdevelop.com.br\/index.php\/wp-json\/wp\/v2\/pages\/85\/revisions"}],"predecessor-version":[{"id":107,"href":"https:\/\/www.dsdevelop.com.br\/index.php\/wp-json\/wp\/v2\/pages\/85\/revisions\/107"}],"wp:featuredmedia":[{"embeddable":true,"href":"https:\/\/www.dsdevelop.com.br\/index.php\/wp-json\/wp\/v2\/media\/86"}],"wp:attachment":[{"href":"https:\/\/www.dsdevelop.com.br\/index.php\/wp-json\/wp\/v2\/media?parent=85"}],"curies":[{"name":"wp","href":"https:\/\/api.w.org\/{rel}","templated":true}]}}